. Let i = v + -91. Determine q(i).
-5
Let x(u) be the third derivative of u**4/6 + 23*u**3/6 - 2*u**2 - 333*u. Calculate x(-10).
-17
Suppose -11*o + 6*o + 1 = -3*i, -5*o - 55 = 5*i. Let j(t) be the first derivative of -t**4/4 - 7*t**3/3 - 3*t**2/2 - 7*t + 662. What is j(i)?
14
Let q(v) = 84*v + 56. Let t be q(2). Let p(k) = -3 + 77*k + 76*k - t*k + 74*k. Give p(9).
24
Let m(j) be the third derivative of j**5/120 + j**4/24 - 5*j**3/6 + j**2. Let q(k) be the first derivative of m(k). Suppose -5*g + 50 - 25 = 0. Calculate q(g).
6
Let u(p) be the second derivative of 82*p - 3*p**3 - 7*p**2 + 1/6*p**4 + 0. Determine u(10).
6
Let d be (2/(-16))/((-678)/59664). Let z(n) = -4 - 2*n + 3*n - 7. Determine z(d).
0
Suppose 2*u = -2*u + 48. Let n(r) = 86*r + 111. Let v(x) = 15*x + 19. Let l(s) = 4*n(s) - 23*v(s). Give l(u).
-5
Let y = -54 - -58. Suppose 32*n = 30*n + y. Let z(q) = -84*q + 86*q - n + 7*q**2 - 5*q**2. Determine z(3).
22
Let f(t) = t**2 + 18*t + 22. Suppose 0 = -25*y - 2*y + 135. Suppose -y*u - 70 = 2*l, 27*u - 2*l + 42 = 25*u. Give f(u).
-10
Let w(b) be the second derivative of b**4/12 + b**3 + 3*b**2/2 - 5*b. Let y be w(-5). Let t(d) = d**2 - 30227*d + 30227*d - 2. Determine t(y).
2
Let v(z) be the first derivative of -z**4/4 + 7*z**3/3 + 9*z**2/2 - 8*z - 17. Suppose 7 - 1 = p. Let b(w) = -w**2 + 6*w + 8. Let j be b(p). Calculate v(j).
0
Let k(f) = f**3 - 14*f**2 - 2*f + 21. Suppose 4*z = 2*v - 4, 2*v - v = -3*z + 2. Suppose -5*a + 5*l = -45, v*a + 2*l = 6*l + 8. What is k(a)?
-7
Let g(c) = 55*c**2 + 60*c**2 - 105*c**2 + 121*c - c**3 - 25 - 130*c. What is g(8)?
31
Let b(v) = -v**3 - 11*v**2 + 5*v - 82. Let t be b(-12). Let p(o) be the third derivative of o**4/8 - o**3/6 + 9*o**2. What is p(t)?
5
Let u(z) = 2*z**2 + 14*z - 34. Let x = -4238 - -4240. Give u(x).
2
Let h(s) = 2*s**2 - 83*s + 203. Suppose 164*i - 205 = 159*i + 5*u, -3*u = i - 33. Determine h(i).
8
Let s(x) = x**3 + 4*x**2 - 5*x - 4. Let j be s(-3). Suppose 16*p + 20 = j*p. Suppose 3*o - p = -14. Let v(a) = 2*a - 1. Calculate v(o).
-7
Let q(r) = r**2 - 5*r + 2. Let j be ((-12)/4)/(3*(-1)/3). Suppose -i - 2*i - 60 = -3*f, -22 = -f + j*i. Suppose -f = -5*n - 4. What is q(n)?
-4
Let q(u) = 0*u**3 - 4 + u**3 + 10*u + 17 + 10*u**2. Let n be 1*-26 - ((-3700)/37 - -83). Determine q(n).
4
Let m(f) = -3*f**2 - 56*f + 397. Let z(r) = 7*r**2 + 141*r - 992. Let d(g) = 12*m(g) + 5*z(g). Calculate d(24).
20
Let s(t) = 46*t**2 + 62*t + 217. Let o(r) = 25*r**2 + 36*r + 108. Let p(y) = -11*o(y) + 6*s(y). What is p(17)?
-5
Let n(d) = -4*d + 2. Let o(u) = 3*u - 20. Suppose 0*k - 16 = -3*x - 2*k, -4*x = 3*k - 20. Let z be o(x). Let w be (1/z)/(3/24). Determine n(w).
-6
Let f(v) = 99*v**3 + 28 + 2*v - 100*v**3 + 7*v**2 - v**2 + 16*v - 21*v**2. Calculate f(-16).
-4
Let a(s) be the first derivative of s**5/20 - s**4/2 + s**3/6 - s**2 + 12*s - 59. Let v(j) be the first derivative of a(j). Give v(6).
4
Let f be (3 + -1)*(-680)/80. Let g be (f/(34/(-12)))/3. Let y(t) = 2*t + 1. Give y(g).
5
Let l(i) = 6*i**2 - 254*i + 95*i**3 - 195*i**3 + 1 + 101*i**3 + 183*i. Calculate l(-12).
-11
Let s(l) = -l**2 + 8*l - 7. Let k be s(6). Let p(w) = k*w - 2*w**2 - 2*w + w**2 - 2*w. Let i(f) = 4*f**2 - 1. Let h(v) = -i(v) - 3*p(v). Determine h(-3).
1
Let c(z) be the first derivative of z**5/60 - 2*z**4/3 + z**3/2 + 9*z**2 - 23. Let i(f) be the second derivative of c(f). Determine i(16).
3
Let k(u) = 10*u - 56. Let t be k(6). Suppose -3*z = -q + 11, -4*q - z = -3*z - t. Let v(a) = -33*a - 1. Determine v(q).
32
Let n be (-38)/133 + (-4)/(-14). Suppose -i + 8 - 10 = n. Let w(p) = 2*p**3 + 2*p**2 + 4*p + 3. Determine w(i).
-13
Let u(i) = 4*i**3 - 28*i**2 + 27*i + 12. Let k(n) = -6*n**3 + 42*n**2 - 41*n - 19. Let o(d) = -5*k(d) - 8*u(d). Give o(6).
5
Let o(s) = 2*s**3 + 17*s**2 + 15*s - 25. Let n(r) = r**3 + 8*r**2 + 7*r - 13. Let m(l) = 7*n(l) - 4*o(l). What is m(-9)?
-135
Suppose -5*y = -3*z - 1, -18 = -14*z + 10*z - 3*y. Let x(p) be the second derivative of p**4/12 - p**3/3 + 3*p**2 - 3*p. Determine x(z).
9
Let u(v) = -v**3 - 9*v**2 - 9*v. Let f(a) = -3*a**3 - 13*a**2 - 1. Let d(g) = -g**3 - g**2 - g + 1. Let b(q) = -d(q) + f(q). Let t be b(-6). What is u(t)?
8
Let p(i) = -i**2 - 27*i - 95. Suppose -97 = -9*b - 304. Determine p(b).
-3
Suppose -2*x = -7*x + 10. Suppose 0 = -x*o - 3 - 3. Let v(p) = 127*p**2 + 125*p**2 - 2 - 20*p**3 - 5*p + 21*p**3 - 376*p**2 + 125*p**2. What is v(o)?
-5
Let s(c) = -c**2 + 35*c + 129. Let w be s(-3). Let u(g) = -g + 16. Determine u(w).
1
Let i(t) = t**2 + 33*t - 10. Let y be i(-50). Let h = -836 + y. Let m(n) = -2*n + 1. What is m(h)?
-7
Let p(z) = 690*z - 2668. Let c(q) = -22*q + 85. Let f(w) = -94*c(w) - 3*p(w). Let v be (3/(-4))/((-2)/40). Give f(v).
-16
Suppose 26*b - 24*b + 12 = 0. Let a(v) = -2*v - 13. Let o be a(b). Let c(s) = -30*s - 99. Let r(w) = 2*w + 6. Let q(i) = -4*c(i) - 66*r(i). Determine q(o).
12
Let j be (8 - (1 + 11))*(-4 - -2). Suppose 5*a - 23 + j = 0. Let u(i) = i**3 + i**2 + 2*i + 2. Calculate u(a).
44
Suppose 540 = 48*l + 12*l. Let n(u) = 2*u**2 - 18*u + 12. What is n(l)?
12
Let b(p) = -4 - 662340*p - 17 - 2 + 662375*p. Calculate b(1).
12
Let v be 2 - (-4 + 0)/(-2). Let o = -315 - -317. Let p(w) = -9 + 7*w**2 - w + 2*w - 6*w**o - 2*w. Calculate p(v).
-9
Let m(r) = r**2 - 14*r + 53. Let n be m(8). Let a(d) be the first derivative of d**2 - 10*d - 22. What is a(n)?
0
Let f = -207 + 214. Let d(h) = 7 - f + 0 - 4*h. Determine d(7).
-28
Let m(h) = -h**2 + 11*h + 4. Let f be m(0). Let n(t) be the second derivative of t**3/2 - 9*t**2/2 - t. Let l be n(f). Let w(j) = -2*j + 2. What is w(l)?
-4
Let b(f) = 2*f**3 - 28*f**2 + 58*f - 1. Let a(n) = -n**3 + 14*n**2 - 30*n. Let x(g) = -11*a(g) - 6*b(g). Give x(13).
-59
Suppose 104*b = -27*b + 3*b + 640. Let l(i) = i**2 - 7*i + 6. Calculate l(b).
-4
Let r(c) = 54*c - 25*c - 17*c + c**2 - 16*c + 7 - 18*c**3 + 19*c**3. Calculate r(-3).
1
Let m(n) = 117*n + 119. Let x(s) = -43*s - 39. Let w(l) = -4*m(l) - 11*x(l). Give w(12).
13
Let q(l) = 304*l + 68. Let d(t) = 4305*t + 955. Let a(g) = -6*d(g) + 85*q(g). Give a(-6).
-10
Let c be 5 - 2/3*(-2 - 1). Suppose 0*p + c = 7*p. Let s be (11 + -17)*(2 - p). Let d(b) = -b - 5. Determine d(s).
1
Let m(x) = 27*x**2 - 27*x - 6. Let i(f) = 22*f**2 - 24*f - 5. Let o(b) = -5*i(b) + 4*m(b). Determine o(5).
11
Let r(p) = 31*p - 4 + 4 - 2 - 2*p**2 - 14. Let o be r(15). Let u(v) = -17*v. Determine u(o).
17
Let l = -89 + 105. Suppose 4*z = -4*j + l, 4*z - 18 = -2*j - 10. Let v(b) = 0*b + 2*b + j*b - 14*b - 7 - b**2. Calculate v(-6).
5
Let z(q) = -5*q + 6. Let s(n) = 1. Let d(m) = -7*m + 10. Let k(c) = -d(c) + 5*s(c). Let i(g) = 2*k(g) + 3*z(g). What is i(4)?
4
Let w(n) = 2*n**3 - 8 + 5*n**3 + 2*n**2 + 4*n**3 + 5*n - 10*n**3 - 3*n**3. Give w(-2).
6
Let l(x) = x**3 - 5*x**2 + 4*x - 3. Let g be 20/6*(-12 - -6). Let n = g + 27. Let j(v) = v - 3. Let p be j(n). Determine l(p).
-3
Let m(t) = -t**2 - 4*t + 3. Suppose 43*f = 41*f + 10. Suppose -f*g + 9 = -3*v, 2*v + g + 6 + 0 = 0. Calculate m(v).
6
Let f(h) = -2*h**2 - 57*h + 38. Let j be f(-30). Let w be (8/j - (-207)/78)*-2. Let s(x) = x**2 + 9*x + 10. Determine s(w).
-10
Let b = 379 + -368. Let q(n) = 10 - n + 17 + b - 37. Let d(k) = -k. Let j be d(6). Give q(j).
7
Let r(j) = -2*j**3 + 47*j**2 + 23*j + 29. Suppose -91*c + 1115 + 1069 = 0. Give r(c).
5
Let n(h) = 3*h - 7. Suppose 0 = 20*x + 52 - 1132. Let i be x/9 - 2 - -4. What is n(i)?
17
Let q be 28/3*12/8 - 3. Suppose -q = -2*t - 3*a, -3*a + 4 = 4*t - 21. Suppose -v + t = -2*b + 1, -3*v + 4*b + 12 = 0. Let h(z) = z**2 + z + 10. What is h(v)?
10
Suppose 0 = 152*p - 106*p - 46. Let c(g) = -11*g**3 - g**2 + 4*g - 3. What is c(p)?
-11
Let d(z) be the third derivative of 11*z**4/8 - 5*z**3/6 - 916*z**2. Calculate d(3).
94
Suppose -28*f = -23*f - 5. Suppose 83 = -28*y - f. Let p(c) = 4*c + 2. Determine p(y).
-10
Let u(w) = 17*w**2 - 16*w**2 + 0 - 14*w**3 + 0*w**2 - 2*w + 15*w**3 + 4. Calculate u(-3).
-8
Let k(m) = -5*m**3 - 3*m**2 + 3*m - 1. Suppose -98*g - 47 - 80 = -225*g. Calculate k(g).
-6
Let i = 44 - 87/2. Let v(y) be the second derivative of 0 - 1/2*y**3 + i*y**2 - 26*y. What is v(-3)?
10
Let v(d) = d**2 + 12*d + 28. Let z be v(-8). Let h(p) = -p**3 - 6*p**2 - 3*p + 6. What is h(z)?
-14
Let y(v) be the se